emainder when k is divided by 106/22 - (80/44 + -2).
3
Let d(a) = 2*a + 2 - 4*a + a**2 - 3*a - 4. Let c be d(5). What is the remainder when 29 is divided by c - -3 - 7*-2?
14
Suppose -9*n + 10*n - 34 = 0. What is the remainder when 33 is divided by 8/12 + 2*n/6?
9
Suppose -20*r = 2*r - 66. What is the remainder when 125 is divided by r?
2
Let l(o) = 11*o + 1. What is the remainder when 90/(-3 + -3 + 7) is divided by l(2)?
21
Let d(s) = 4*s. Let t be d(4). Suppose -5*b = -t*b + 1034. What is the remainder when b is divided by 21?
10
Let f = 9 - 12. Let z = 12 - f. Calculate the remainder when (-3)/(-7) + 1788/42 is divided by z.
13
Suppose -5*l - 3*n + 158 = 0, 6*l = 8*l + 3*n - 65. What is the remainder when 56 is divided by l?
25
Suppose 4*s + 31 - 11 = 0, 3*i - 4*s - 20 = 0. Suppose w = 2*m - 127, i = -4*m + 5*w + 10 + 259. Calculate the remainder when 241 is divided by m.
58
Let v(t) = -t**2 - 5*t - 2. Let c be v(-4). Suppose c*h - 55 = -3*p - 3*h, 2*p + 3*h - 35 = 0. Calculate the remainder when 18 is divided by p.
8
Let g = 8 + -6. Suppose -j - 84 = -g*j. Suppose -j - 57 = -3*t. What is the remainder when t is divided by 16?
15
Let y(t) = 4*t**2 + t + 1. Let v be y(-1). Suppose w - 55 = 2*c, -c - 183 = -3*w - v*c. What is the remainder when w is divided by 31?
28
Suppose 0 = -q + 2*i + 82, 0*q - 4*i - 90 = -q. Let u = q + -53. Calculate the remainder when 39 is divided by u.
18
Let h = -933 - -950. What is the remainder when h is divided by 4?
1
Suppose 3*h = -5*b + 101, -h - 4 = -3*h. Suppose -k + b = -0*k. What is the remainder when k is divided by 10?
9
Suppose n - 4*r = 4, 2*n + 3*r = -r - 4. Suppose n = -2*z + 105 + 27. What is the remainder when z is divided by 17?
15
Suppose 5429 - 1838 = 9*l. What is the remainder when l is divided by 67?
64
Suppose 0 = -3*b + 6, 5*b - 2*b - 806 = -5*h. What is the remainder when h is divided by 33?
28
Suppose 0 = 24*u - 52*u + 448. Calculate the remainder when 44 is divided by u.
12
Let z(c) = 19*c - 45. Let w be z(6). What is the remainder when (84/18)/(2*1/w) is divided by 33?
29
Let z(u) = -u**3 + 32*u**2 + 35*u - 47. Calculate the remainder when 62 is divided by z(33).
5
Let j(s) = s**2 - s + 30. Let x be 3 - (-1)/((-3)/9). Let i be 5/(-10)*(0 + x). Calculate the remainder when j(i) is divided by 8.
6
Let g(a) = 40*a**3 + 2*a - 1. Suppose 4*w - 6 = 2*l, -5*l + 0*l + w + 3 = 0. Let d = -149 - -160. What is the remainder when g(l) is divided by d?
8
Suppose -3*f + f = -378. Suppose -5*t - 2*t + f = 0. Calculate the remainder when 51 is divided by t.
24
Suppose -13356 = -41*j + 5*j. Calculate the remainder when j is divided by 11.
8
Let l = 306 - 108. Suppose a + 3*a = -5*s + l, -164 = -3*a + 4*s. What is the remainder when a is divided by 19?
14
Suppose f + 1 = -3*t - 0, -5*f = 2*t - 8. Let y = 5 - f. Suppose -d + 4 + 3 = 0. What is the remainder when d is divided by y?
1
Suppose 3*o - 9 - 5 = -4*i, 3*o - 12 = -3*i. Suppose d + i*n = 433, -3*n = -d - 71 + 509. Suppose 2*m - 7*m = -d. What is the remainder when m is divided by 22?
21
Suppose 304 = -4*u + 8*u. What is the remainder when u is divided by 31?
14
Let s(t) = t**3 + 26*t**2 + 48*t + 4. Suppose -u - u = 4. Let l = 0 - u. Calculate the remainder when s(-24) is divided by l.
0
Suppose -60*p + 1408 = -52*p. Calculate the remainder when p is divided by 50.
26
Suppose -s = -3*g + 97, 0 = -4*g - 4*s + 190 - 34. Suppose -3*l + 45 = 3*d, 0 = l - 3*l - 3*d + g. Calculate the remainder when 73 is divided by l.
7
Let t = -27 + 46. Let b be (-12)/(-8) - 49/(-2). Let u = 31 - b. What is the remainder when t is divided by u?
4
Let t(n) = n + 4. Let f be t(0). Suppose v - 6 = f. Let l = -90 + 127. Calculate the remainder when l is divided by v.
7
Suppose -18 = -3*w - 6. Calculate the remainder when 40 is divided by w.
0
Suppose -5*r + 22 + 85 = -2*v, 5*r - v - 106 = 0. Calculate the remainder when 41 is divided by r.
20
Suppose 2*r = 9 + 7. Suppose 44 = -7*w + r*w - 3*x, -w = -2*x - 49. Calculate the remainder when w is divided by 20.
19
Let h = -15 + 52. Let o = 53 - 39. What is the remainder when h is divided by o?
9
Suppose -92 = -3*s + v, -s = -7*v + 4*v - 36. Calculate the remainder when 100 is divided by s.
10
Suppose -40 - 38 = -3*z. Let u = z - 19. Let x = u + -5. What is the remainder when 4 is divided by x?
0
Let z(m) = m**2 + 33*m - 163. What is the remainder when 93 is divided by z(5)?
12
Suppose o = -g - 4, -o + 0*g = -g. Suppose -8 = 5*b - 43. Calculate the remainder when o/11 + (-633)/(-33) is divided by b.
5
Suppose 573 - 2553 = -45*p. What is the remainder when p is divided by 8?
4
Suppose -4*v - q = 1563, -3*v - 3*q + q = 1176. Let x = -271 - v. What is the remainder when x is divided by 31?
26
Let s = -28 - -32. Suppose -9 = -2*v - 2*d + 121, 0 = -3*v - s*d + 191. What is the remainder when v is divided by 10?
9
Let v = 160 + -140. Suppose 3*y - 5*m = 199, 3*y + 6*m = 2*m + 154. What is the remainder when y is divided by v?
18
Suppose -4*x + 8 = -2*x. Suppose x*l + 54 = 7*l. Suppose -50 = -u - l. What is the remainder when u is divided by 17?
15
Let c = 399 - 358. Calculate the remainder when 9*(-1)/(-2)*36 is divided by c.
39
Suppose -2*v - 78 + 224 = 0. Let x = v + 3. Suppose 2*u - 2 = x. What is the remainder when u is divided by 10?
9
Suppose -a + 33 = 3*j, 5*a + 52 = 2*j + 251. Calculate the remainder when 192 is divided by a.
36
Let c(u) = u**3 - u**2 - 25*u - 9. Suppose 4*v = 3*d + 15 - 113, 3*d - 2*v - 94 = 0. What is the remainder when d is divided by c(-4)?
8
Let s(p) = -p**3 + 10*p**2 - 13*p - 15. Calculate the remainder when 60 is divided by s(8).
6
Suppose 5*p - 4*p = 5. Let i(a) = -a**2 + 3 - 3*a + a + 0*a + 8*a. What is the remainder when i(p) is divided by 6?
2
Let f = 175 - 158. Calculate the remainder when f is divided by 5.
2
Suppose 0 = 3*n - 29 - 1. Suppose 0 = u - 0*u - 36. What is the remainder when u is divided by n?
6
Let q = 16 + -7. Let d be ((-6)/5)/(q/(-30)). Suppose -48 = -d*c - 0*c. Calculate the remainder when 34 is divided by c.
10
Let l = 232 - 80. Let o = l + -112. What is the remainder when 159 is divided by o?
39
Let l = -2403 - -2592. What is the remainder when l is divided by 52?
33
Let c = 9 + 7. Let f be (-4)/56*-8*(-21)/(-6). Calculate the remainder when c is divided by ((-1)/(-3))/(f/36).
4
Let f(t) = -3*t - 32. Let h(p) = 6*p + 63. Let d(g) = 9*f(g) + 4*h(g). What is the remainder when d(-22) is divided by 8?
6
Suppose 12 = -13*m + 10*m. Let b(q) = -3*q - 8. Suppose 3*i = -12, 3*s - i = 50 - 10. What is the remainder when s is divided by b(m)?
0
Let k = 18 - -12. Calculate the remainder when 217 is divided by k.
7
Let f(r) = -69*r**2 + r. Let u be f(1). Let l = 123 + u. What is the remainder when 159 is divided by l?
49
Let j = -402 - -414. Calculate the remainder when 37 is divided by j.
1
Let g be ((-6)/(-4))/((-21)/(-140)). Suppose 5*y + 4*k - 134 - 2698 = 0, k = 5*y - 2817. Suppose 4*c = g*c - y. What is the remainder when c is divided by 32?
30
Let g(w) = w**3 - 100*w**2 + 2*w - 13 + 108*w**2 + 0*w. Let r(z) = -3*z + 2. Let d be r(3). Calculate the remainder when 85 is divided by g(d).
19
Suppose 5*k + 12 = 9*k. Suppose 0 = u - 4*n + k + 5, -5*u + 4*n + 24 = 0. Calculate the remainder when 23 is divided by u.
7
Let m = -204 + 207. What is the remainder when 4 is divided by m?
1
Let s = 25 + -18. Let q = s - 3. Suppose 3*w - 51 = -3*j, j + 97 = w + q*w. Calculate the remainder when w is divided by 7.
5
Suppose -164 = 7*d - 5092. What is the remainder when d is divided by 15?
14
Let a(f) = -4*f + f**2 + 3*f - 5 + 2*f. Let z(p) = -p**2 + 10*p - 19. What is the remainder when a(4) is divided by z(5)?
3
Let g be -55*(3 + (-76)/20). Suppose 0 = 48*i - g*i - 160. What is the remainder when i is divided by 11?
7
Suppose -f - p + 20 = 0, -3*f - 2*p + 72 = f. Calculate the remainder when 89 is divided by f.
9
Suppose -3*n = n. Let p = 13 + n. Suppose -z + 12 = u + 3*z, -18 = -u - 2*z. Calculate the remainder when u is divided by p.
11
Let v(g) = 78*g**2 + 2*g + 1. Let k = 157 - 87. Let t = k + -50. Calculate the remainder when v(-1) is divided by t.
17
Let t = -147 - -216. Suppose t*j - 74*j = -35. Calculate the remainder when 78/4 - 2/(-4) is divided by j.
6
Let i(n) = 13*n + 4. Let h be 